{"id":24,"date":"2017-01-29T07:00:14","date_gmt":"2017-01-29T07:00:14","guid":{"rendered":"http:\/\/spbshka.ru\/expeditor\/?page_id=24"},"modified":"2019-09-30T09:55:48","modified_gmt":"2019-09-30T06:55:48","slug":"hakkimizda","status":"publish","type":"page","link":"http:\/\/www.moosexpress.com\/?page_id=24","title":{"rendered":"Hakk\u0131m\u0131zda"},"content":{"rendered":"<p>[vc_row full_width=&#8221;stretch_row_content_no_spaces&#8221; css=&#8221;.vc_custom_1543572162378{margin-top: 0px !important;margin-bottom: 0px !important;padding-top: 0px !important;padding-bottom: 0px !important;background-color: #f8f9fa !important;}&#8221; el_class=&#8221;kanatt&#8221;][vc_column css=&#8221;.vc_custom_1486122106392{margin-top: 0px !important;margin-bottom: 0px !important;padding-top: 0px !important;padding-bottom: 0px !important;}&#8221;][vc_mad_section_with_media title_font_size=&#8221;38&#8243; image=&#8221;1530&#8243; link=&#8221;|||&#8221; title=&#8221;Burak KANAT&#8221;]<\/p>\n<div class=\"text-size-small\">\n<h4 style=\"color: red;\">GENERAL MANAGER<\/h4>\n<p>Burak Kanat, kurye ve kargo hayat\u0131na 2001 y\u0131l\u0131nda TNT Ekspress&#8217;te ba\u015flam\u0131\u015ft\u0131r. Daha sonra 2007 y\u0131l\u0131nda GOOSE Express \u015firketini kurmu\u015ftur. 2015 y\u0131l\u0131nda orta\u011f\u0131 oldu\u011fu GOOSE Express \u015firketinden ayr\u0131l\u0131p\u00a0<span class=\"redTitle\">MOOSE Express<\/span>\u00a0\u015firketini kurarak kurye ve kargo sekt\u00f6r\u00fcndeki hayat\u0131na devam etmektedir.<\/p>\n<p><span class=\"redTitle\">MOOSE Express<\/span>\u00a0kurye ve kargo sekt\u00f6r\u00fcnde g\u00fcvenilir hizmet anlay\u0131\u015f\u0131 ile m\u00fc\u015fterilerine en iyi hizmeti verecektir.<\/p>\n<p><span class=\"redTitle\">MOOSE Express<\/span>\u2019i tercih etti\u011finiz i\u00e7in te\u015fekk\u00fcr ederim.<\/p>\n<\/div>\n<p>[\/vc_mad_section_with_media][\/vc_column][\/vc_row]<\/p>\n","protected":false},"excerpt":{"rendered":"<p>[vc_row full_width=&#8221;stretch_row_content_no_spaces&#8221; css=&#8221;.vc_custom_1543572162378{margin-top: 0px !important;margin-bottom: 0px !important;padding-top: 0px !important;padding-bottom: 0px !important;background-color: #f8f9fa !important;}&#8221; el_class=&#8221;kanatt&#8221;][vc_column css=&#8221;.vc_custom_1486122106392{margin-top: 0px !important;margin-bottom: 0px !important;padding-top: 0px !important;padding-bottom: 0px !important;}&#8221;][vc_mad_section_with_media title_font_size=&#8221;38&#8243; image=&#8221;1530&#8243; link=&#8221;|||&#8221; title=&#8221;Burak KANAT&#8221;] GENERAL MANAGER Burak Kanat, kurye ve kargo hayat\u0131na 2001 y\u0131l\u0131nda TNT Ekspress&#8217;te ba\u015flam\u0131\u015ft\u0131r. Daha sonra 2007 y\u0131l\u0131nda GOOSE Express \u015firketini kurmu\u015ftur. 2015 y\u0131l\u0131nda orta\u011f\u0131 oldu\u011fu GOOSE Express [&hellip;]<\/p>\n","protected":false},"author":1,"featured_media":0,"parent":0,"menu_order":0,"comment_status":"closed","ping_status":"closed","template":"","meta":{"footnotes":""},"class_list":["post-24","page","type-page","status-publish","hentry"],"_links":{"self":[{"href":"http:\/\/www.moosexpress.com\/index.php?rest_route=\/wp\/v2\/pages\/24"}],"collection":[{"href":"http:\/\/www.moosexpress.com\/index.php?rest_route=\/wp\/v2\/pages"}],"about":[{"href":"http:\/\/www.moosexpress.com\/index.php?rest_route=\/wp\/v2\/types\/page"}],"author":[{"embeddable":true,"href":"http:\/\/www.moosexpress.com\/index.php?rest_route=\/wp\/v2\/users\/1"}],"replies":[{"embeddable":true,"href":"http:\/\/www.moosexpress.com\/index.php?rest_route=%2Fwp%2Fv2%2Fcomments&post=24"}],"version-history":[{"count":0,"href":"http:\/\/www.moosexpress.com\/index.php?rest_route=\/wp\/v2\/pages\/24\/revisions"}],"wp:attachment":[{"href":"http:\/\/www.moosexpress.com\/index.php?rest_route=%2Fwp%2Fv2%2Fmedia&parent=24"}],"curies":[{"name":"wp","href":"https:\/\/api.w.org\/{rel}","templated":true}]}}